6*o - 5*o**3 + 4*o**3 - 3*o + 11*o**2. Let w be v(10). What is the highest common divisor of z and w?
4
Let x(z) = -20*z - 38. Let f be x(-3). Calculate the highest common divisor of 198 and f.
22
Let a = 93 + 37. Suppose 4*p - a = 214. Suppose -5*l + p = -19. What is the highest common divisor of l and 3?
3
Let d be -3 + 7 - (0 + -7). Suppose 5*y - d + 1 = 0. Let i be y/(2 - 20/12). Calculate the greatest common divisor of 2 and i.
2
Suppose 0 = 2*f - 0*f - 132. Let w(r) = 8*r. Let x(m) = 1. Let j(c) = -w(c) - 5*x(c). Let h be j(-2). Calculate the greatest common divisor of f and h.
11
Let w(f) = -f**2 - f - 4. Let d be w(-9). Let l = d + 208. Calculate the highest common factor of 12 and l.
12
Let c be (-3 + 6 - -2) + 2. Let k = -34 + 97. What is the greatest common factor of k and c?
7
Let a be 1/(-3) + (42016/3)/16. What is the greatest common factor of 35 and a?
35
Suppose -3*z + 117 = -78. Let j = 109 - z. Let w = -165 + 231. Calculate the highest common divisor of j and w.
22
Let y = 68 + -47. Suppose 6 = r - y. Calculate the greatest common factor of 189 and r.
27
Suppose 9*r - 4*r + y + 80 = 0, 2*y + 16 = -r. Let z(f) = f**2 + 13*f - 33. Let v be z(r). Calculate the greatest common factor of 120 and v.
15
Let r(l) = 2*l + 77. Let i be r(-36). Calculate the highest common divisor of 65 and i.
5
Suppose 10*m = -10*m + 1220. Calculate the highest common divisor of 244 and m.
61
Suppose -9 = -3*n + 12. Let i be 222/12 - -3 - 2/4. What is the highest common divisor of i and n?
7
Let d(x) be the first derivative of -2*x**2 + 22*x + 15. Let v be d(5). What is the highest common divisor of v and 2?
2
Suppose 63 = 5*n - 2*q - 2*q, -5*q - 60 = -5*n. What is the highest common factor of n and 435?
15
Let t(n) = -n**2 - 8*n - 5. Let d be t(-7). Suppose 2*j + d*j - 775 = 5*h, -155 = h - j. Let w = 281 + h. What is the greatest common divisor of w and 14?
14
Suppose -2*i + 5*h + 17 = 0, -i + h = -2*i - 2. Let w(t) = 175*t**3 + 3*t**2 - 3*t + 1. Let f be w(i). What is the highest common factor of 16 and f?
16
Let h(l) = 25*l - 2. Let j(b) = -b**2 - 2*b + 12. Let i be j(0). Let q = -10 + i. Let f be h(q). Calculate the greatest common factor of f and 6.
6
Suppose 5*z + 0*z - k - 2095 = 0, z + 3*k - 403 = 0. What is the highest common divisor of 19 and z?
19
Suppose -3*j = -3*t - 18, 0 = 5*j + 4*t + t - 60. Suppose -4*k - 495 = -j*k. What is the highest common divisor of 9 and k?
9
Let g = 791 + -434. What is the greatest common divisor of 17 and g?
17
Let n(g) = 2*g**2 - 6*g - 16. Let o be n(5). Suppose -6 = -2*q - q, -d + 129 = o*q. Calculate the highest common factor of d and 11.
11
Let t be 12/156 - (-3273)/39. Calculate the highest common divisor of t and 56.
28
Let p be (11/2*2)/(-1). Let g(k) = -k**2 - 16*k - 22. Let b be g(p). Suppose -5*h = -h - 44. Calculate the greatest common factor of b and h.
11
Let q(r) = r**3 + r**2 - 2*r - 1. Let y be q(0). Let h be (6*-5)/(-2 - y). What is the greatest common factor of h and 75?
15
Suppose 2*g = -3 + 21. Suppose -5*a + 191 = -g. Calculate the greatest common divisor of a and 100.
20
Suppose -14*i - 29*i = -35217. Calculate the greatest common factor of 182 and i.
91
Let v be (-26)/(-2) + 5 - -6. Suppose -3*l - 81 = -2*a, 2*a + 33 = 3*a + l. What is the greatest common factor of a and v?
12
Let c be 20*((-228)/(-60) - -1). Calculate the greatest common factor of 336 and c.
48
Let m be 2/2 - (-49)/(2/2). Let n be 3*2 + 44/11. Calculate the greatest common divisor of m and n.
10
Let p = -646 + 328. Let m be (p/9)/((-1)/(-3)). Let r = m + 154. What is the highest common factor of r and 12?
12
Suppose 1 = -k + 2, 4*k + 1284 = 4*i. Calculate the greatest common factor of i and 14.
14
Let w(m) = 2*m**2 + 4*m + 2. Let p be w(-2). Suppose 30 = -t - 0*l - 3*l, 5*l + 190 = -5*t. Let n = -30 - t. Calculate the greatest common factor of p and n.
2
Let s(o) = 61*o**2 - 2*o + 1. Let v be s(1). Suppose 3*i - 30 = -u, u - 2*u + 3*i = 0. Calculate the highest common divisor of v and u.
15
Let q(a) = -a**3 + 5*a**2 - 7. Let b be q(5). Let h = b + 19. Suppose 3*z - 2*s + h = 4*z, 2*z - 3*s - 38 = 0. What is the highest common divisor of 144 and z?
16
Suppose 50 + 19 = 18*o + 15. Let b = -1 - -2. Let y = b + 2. What is the greatest common divisor of o and y?
3
Suppose -5*a + 45 + 35 = 0. Suppose 0*p = -4*p + a. Suppose -45 - 15 = -5*f + 4*d, -p = -3*f - 4*d. What is the highest common factor of 24 and f?
8
Suppose -136 = 5*r - 1046. What is the greatest common divisor of r and 42?
14
Let g = 18 - 8. Let p be (1 - -7)*(-493)/(-34). Let c = p - 76. What is the greatest common factor of c and g?
10
Suppose 0 = -4*r - r + 500. Suppose -3*f - 5*m = 6, -4 = 2*f + 3*m - 1. Let z be 6 + (-9)/f - -17. Calculate the highest common factor of z and r.
20
Let s(u) = -19*u**3 + 2*u + 31*u**3 + 1 + 2*u**2 - 20*u**3. Let j be s(-1). What is the highest common divisor of j and 81?
9
Let p be (-24)/16*156/(-9). Calculate the greatest common factor of p and 559.
13
Let v(j) be the third derivative of j**6/120 + 2*j**5/15 - j**4/6 - 17*j**3/6 - 2*j**2. Let c be v(-8). What is the highest common divisor of 10 and c?
5
Let n be (-644 + -2 + 2)*(-135)/180. What is the greatest common divisor of 21 and n?
21
Let o be -6 + 3 + (-3)/3. Let s = o + 9. Suppose -54 = s*p - 8*p. What is the greatest common divisor of p and 18?
18
Suppose -17*u = -13*u - 56. What is the greatest common factor of 63 and u?
7
Suppose -4*m - 4*r = 12, 0 = -m - 0*r + 2*r. Let q be m/1 + (36 - 2). What is the greatest common divisor of 160 and q?
32
Let c = 67 - 22. Suppose -5*t + 20 = 5*t. Suppose 0 = 3*j - 0*j + 12, t*j = 5*i - 33. Calculate the greatest common divisor of i and c.
5
Let d be (1/(-2))/((-13)/390). What is the highest common factor of d and 555?
15
Suppose -30 = 2*i + 16. Let f = i + 22. Let c be (-20 + f)/((-12)/96). Calculate the greatest common factor of 21 and c.
21
Let a = 687 - 685. What is the highest common divisor of 5 and a?
1
Let m(r) = 11*r**2 + 4*r + 1. Let y be m(-5). Let d(o) = 5*o + 32. Let w be d(0). What is the greatest common factor of y and w?
32
Let q(z) be the second derivative of z**5/20 + 2*z**4/3 - z**3/2 - 3*z**2/2 + 16*z. Let r be q(-8). What is the greatest common divisor of r and 147?
21
Suppose -12*r + 2*r + 1720 = 0. Let k = r - 164. What is the highest common factor of k and 16?
8
Let m be (-6)/4*(35/21 - 3). Let g = -5 + 13. Calculate the highest common factor of g and m.
2
Let a = 1 + 1. Suppose 16*y = 7*y + 45. Suppose 32 = 2*m - i + y*i, -5*m + 80 = -a*i. What is the highest common divisor of m and 80?
16
Suppose 0 = -k + 4*p + 78, 28*p = 27*p. Calculate the highest common factor of k and 429.
39
Let m = -291 - -326. Calculate the greatest common divisor of m and 49.
7
Let w = -20 - -35. Suppose -381*o = -376*o - 180. Let v = o - w. Calculate the highest common factor of v and 7.
7
Let n = -37 - -49. Let v(b) = -b + 21. Let x be v(-9). Calculate the highest common divisor of x and n.
6
Let a = 4 - 53. Let x = 71 + a. Calculate the greatest common divisor of 22 and x.
22
Let w = 69 + -62. What is the greatest common factor of w and 3?
1
Suppose 2*o = 1888 + 842. Calculate the highest common divisor of o and 13.
13
Suppose 2*l - 6*l = 4*g - 204, -5*g + 9*l = -297. Suppose -5*m - 40 + 445 = 0. What is the highest common divisor of m and g?
27
Let f(z) = -z**2 + 7*z - 4. Let a be f(9). Let q be a*4/(-8)*3. What is the highest common divisor of 33 and q?
33
Let j be (-5 - 92/(-20))/(2/550). Let y = 62 - j. What is the greatest common factor of 43 and y?
43
Let g(c) = 4*c**2 + 28*c + 11. Let q be g(-8). Calculate the greatest common factor of q and 129.
43
Let b = 43 - 38. Suppose -55 = b*x - 205. Let w = 15 + -9. What is the greatest common divisor of x and w?
6
Let w = 721 + -708. What is the greatest common divisor of 169 and w?
13
Let f(j) = -12*j + 344. Let c be f(-24). What is the highest common factor of 395 and c?
79
Let h(x) = x - 8. Let z be h(12). Suppose 0 = -z*k + 61 + 11. What is the highest common divisor of 126 and k?
18
Suppose -33*r = -31*r - 800. What is the greatest common divisor of 50 and r?
50
Let l(w) = -w**2 - 37*w - 64. Let v be l(-33). Calculate the highest common divisor of v and 884.
68
Suppos